d derivative of a**6/120 + a**5/12 - a**4/6 + 2*a**3 + a**2. Give d(p).
0
Let y(s) = 13*s**2 - 3*s + 1. Let d(w) = -91*w**2 + 22*w - 5. Let i(b) = -2*d(b) - 15*y(b). Determine i(3).
-119
Let w(q) = 9*q + 113. Let n be (-20)/3 - 2706/369. Give w(n).
-13
Let t(x) = 42*x + 1262. Let k be t(-30). Let z(c) be the first derivative of -23 - 1/2*c**k + 8*c. Give z(0).
8
Let s(o) be the second derivative of -o**5/10 + 29*o**4/12 + 11*o**3/6 + 43*o**2/2 + 278*o - 11. Calculate s(15).
-17
Suppose -8*d - 12 = -5*d, -4*d = 3*f + 10. Let n(z) = 5*z - 10. Give n(f).
0
Let v(h) = -h**3 - 24*h**2 + 23*h - 50. Suppose -81*k - 8 = -85*k, 69 = -3*y - 3*k. Determine v(y).
0
Let k be (-50)/(-15) - 5/(-45)*-12. Let c(f) be the third derivative of -1/3*f**3 - 27*f**k + 0 + 0*f + 1/8*f**4. Calculate c(-3).
-11
Suppose 4*r - 2*h = -118, -5*r + h + 3*h = 146. Let a be (12/15)/(3/r*-4). Let v(n) = 3*n + 76*n**2 - 38*n**2 - 39*n**a. What is v(6)?
-18
Let i(m) = 4989 + 27*m - 2644 - 2616. Let p be i(10). Let w(g) = g**3 + g**2 + 2*g + 1. Calculate w(p).
-1
Let m(q) = 281 - 36 + 56 + 28*q - 55*q. Calculate m(11).
4
Let f be (8*1)/((-84)/(-14 + 2) + -8). Let a(h) = h**3 + 7*h**2 - 9*h + 3. Determine a(f).
11
Let t = -16455 - -16468. Let d(z) = 3*z**3 + 26*z**2 + 9*z - 18. Let r(j) = -j**3 - 13*j**2 - 4*j + 9. Let s(v) = -2*d(v) - 5*r(v). Give s(t).
17
Let j(i) = i + 46. Let f(s) = -75*s - 300. Let u be f(-4). Calculate j(u).
46
Let c(v) = 5*v - 1. Let k(j) = -2*j**2 - 13*j - 3. Let a be k(-6). Let n(u) = a*u + 52 + 2*u - 54. Let r(o) = -3*c(o) + 2*n(o). What is r(-1)?
4
Suppose -5*v + i = 15 - 280, -5*i = 0. Suppose -2*n - 48 = -4*u, -5*u + 8*n + v = 9*n. Let l(g) = -g - 5. Calculate l(u).
-16
Let w(j) = 4*j**2 - j + 1. Let b(i) = 2*i**3 + 19*i**2 + 5*i - 20. Let v be b(-9). Suppose 3*r + 2*r + v = -2*l, -5*r = 20. Determine w(l).
15
Let t = -7087 + 7096. Let j(k) = 17*k - 159. Calculate j(t).
-6
Let j = -385 - -372. Let c(g) = -5*g - 72. Give c(j).
-7
Let s(f) be the second derivative of -f**4/12 + 5*f**3/6 - 3*f**2 - 20*f + 27. What is s(6)?
-12
Let a be 2/(9/54 + 2/4). Suppose a*w = 22*w + 38. Let i(m) = -m**3 - m**2 - m - 2. Give i(w).
4
Let p(f) = -18*f**3 + 6*f**3 - f + 2 - 4 + 7*f**3 + 6*f**3. Let l(r) = -2*r**3 + 4*r**2 - 1. Let t(y) = -l(y) - 3*p(y). What is t(-5)?
17
Suppose 4*t - 7*t = -6. Let w(s) = 2 - 6 + 2 + 4*s - s**t. Determine w(2).
2
Let u(v) = 2*v - 6. Let b(r) = 4*r + 3. Let s be b(-1). Let a be (5*s)/(10/20). Let q = a - -15. Determine u(q).
4
Let o(g) = -3*g**2 - 33*g - 28. Let v(i) = -i**2 - 3*i + 1. Let m be v(-2). Let x(a) = 2*a**2 + 17*a + 14. Let p(t) = m*o(t) + 5*x(t). Determine p(15).
1
Let f(y) = -y**2 - 2*y - 7*y - 5*y + 7*y + 19 - 2*y. Calculate f(-11).
-3
Let y(q) = -q**3 - q**2 + q - 5. Suppose 58 + 13 = -d. Let m(p) = p**3 - 15*p**2 + 16*p + 59. Let t be m(13). Let a = t - d. Give y(a).
-5
Let j(k) = -2*k**2 + 8*k - 12 + 11*k**2 + 20*k + 7*k**2 - 20*k**2. Calculate j(6).
12
Let j(u) = u**3 + 6*u**2 - 9*u - 11. Let p be j(-7). Let r be 8/p + (-2)/(-6). Suppose -m = 4*y - 1, -9 = -m + r*y + y. Let o(x) = -x**2 + 4*x + 2. Give o(m).
-3
Let x be (-10)/(-2)*18/30. Let v(c) = 0*c + c + 0*c - 4*c - x*c. Determine v(2).
-12
Let l(g) = -12*g - 4. Let m be l(0). Let p(o) = 3*o**2 - 4*o - o + 2*o - o + o**3. Calculate p(m).
0
Let g(b) = -8*b**2 + 3 - 680*b**3 - 46*b + 679*b**3 + 0 + 50*b. What is g(-9)?
48
Let q(m) = -4*m + 19. Let z(l) = 10*l - 31. Let g(x) = 9*q(x) + 4*z(x). Calculate g(-14).
-9
Let v(n) = -25*n - 193. Let a be -7 - ((-44)/4 + 6 + 6). Calculate v(a).
7
Suppose 6*l - 943 + 911 = -10*l. Let y(o) = 6*o**2 - 9*o + 5. Give y(l).
11
Let v(i) = i**2 - 5*i - 8. Let k(q) = -q**2 + 5*q + 8. Let a(g) = -5*k(g) - 6*v(g). Suppose 1380*m = 1255 + 7025. Determine a(m).
2
Let k(p) = 48 - 40 - 7*p - 6*p + 66 + 3*p. Give k(8).
-6
Let f(l) be the second derivative of l**5/20 + l**4/3 + l**3/6 + 3*l**2 - 408*l. Calculate f(-3).
12
Let b(f) = -f**2 - 6*f + 17. Suppose -23*v + 2010 = 2171. Calculate b(v).
10
Let u(g) be the third derivative of -g**6/120 + g**5/30 + g**4/6 - g**3/2 + 20858*g**2. Let v be (0 - -8)*1/2. Calculate u(v).
-19
Suppose -9*n - 8*n = 119. Let d be (n/(-5))/(-2 - (-18)/10). Let m(q) = -q**3 - 8*q**2 - 5*q + 10. Determine m(d).
-4
Let g(y) be the first derivative of -y**3/3 - 9*y**2/2 + 10*y - 1. Let h be 7*(-1 - 0 - (-45)/35). Suppose 7*f - 28 = h*v + 3*f, -5*f = v. What is g(v)?
0
Let n(s) = -s + 21. Suppose c - 246 = -2*y - 264, -5*y = c + 27. Determine n(c).
33
Suppose -22*o - 363 = -979. Suppose -4*z - 2*i = i - o, -i = 0. Let q(r) = 3*r + 8. Determine q(z).
29
Suppose 0 = 73*u - 1412 + 1193. Let k(f) be the third derivative of -50*f**2 + 0*f + 3/2*f**u - 1/12*f**4 + 0. Give k(7).
-5
Let d(h) = -169*h - 467*h + 156 + 648*h. Give d(-13).
0
Let z be (-6 - 45/(-6))*8/2. Let o(d) = d**2 - 14*d - 5788 + z*d + 5784 + d**3. Determine o(-3).
2
Let f(q) be the second derivative of -q**4/12 + 8*q**3/3 + 21*q**2/2 + 220*q. Give f(16).
21
Suppose 63*u = 72*u - 27. Let x be (-1)/(1/(-18)*u). Let m(h) = -h**2 + 7*h - 7. Give m(x).
-1
Let y(s) be the first derivative of -34 - 2*s + 1/3*s**3 + 3*s**2. Calculate y(-7).
5
Let q(j) = j**3 + 42*j**2 + 38*j - 121. Let p be q(-41). Let m(x) = 221 + 3*x**2 + 229 - 2*x**p - 429 + 6*x - 18*x. Give m(10).
1
Let z(l) = -l - 2. Suppose 0 = -2*i - 1 + 7. Suppose i*h - 4*h + 8 = 0. Suppose -h*p = -6*p. Give z(p).
-2
Let v(y) be the first derivative of 5/2*y**2 + 5*y + 50 + 1/4*y**4 - 2*y**3. Give v(5).
5
Suppose -113*q + 76*q = 148. Let x(y) = 4*y + 2. Calculate x(q).
-14
Let a = 21756 - 21743. Let m(n) = -n**2 - 6*n + 250. Determine m(a).
3
Let n = -856 + 865. Let o(c) = -c**2 + 8*c + 2. Calculate o(n).
-7
Suppose -4*t + 26 + 22 = -5*b, -t - 5*b - 13 = 0. Let j(s) = 6*s - 26. Determine j(t).
16
Let w(t) be the second derivative of -7/2*t**2 - 1/3*t**3 + 94*t - 2. Give w(-4).
1
Suppose -5*u = 5*u - 760. Let p = u - 44. Let b(x) = p - 9 - x - 12. Determine b(8).
3
Let i = -14 - -13. Let z be (i + -1)/(8/4). Let o(k) = -18*k + 1. Let m(f) = f. Let t(q) = -6*m(q) - o(q). Calculate t(z).
-13
Let x(g) = 3*g**2 - g - 1. Suppose 0 = d - 2*i + 16, -49*i = -5*d - 46*i - 45. Give x(d).
113
Suppose 21 = 6*x + 3. Suppose h = 4*l + 21, -x*h + 19 = l - 2*l. Suppose -3*v + h = 20. Let a(i) = -i**2 - 3*i + 1. Determine a(v).
-9
Let r(l) = -6 - 16*l + 9 - l**3 - 9 - 9*l**2 + 7*l. Suppose -24*x + 22*x + 8 = -y, y + 8 = 4*x. What is r(y)?
2
Suppose 0 = d + 4*d + 50. Suppose -15*x - 50 = -20*x. Let i(n) = -4 - 16*n**2 + 7*n**2 - x*n + 8*n**2. Calculate i(d).
-4
Let o(r) = r**2 + 25*r + 145. Let y(q) = 4*q**2 + 103*q + 237. Let l be y(-23). What is o(l)?
1
Suppose -2*x - 16 + 4 = 4*h, 3*x = 2*h + 22. Let i be 1 + ((-2592)/52 - x/26). Let w = 46 + i. Let d(a) = a**3 + 4*a**2 - a. Calculate d(w).
12
Let b(h) = h**3 - h**2 - h + 2. Let d(p) = 3*p**3 - 8*p**2 - 4*p + 1. Let n(z) = -2*b(z) + d(z). Let s = -291 + 297. Determine n(s).
-15
Let r be (-30)/(486/(-378) + 1*(-6)/(-21)). Let b(n) = -2*n**2 + 62*n - 60. Give b(r).
0
Let l(o) = o + 4. Let t = -45 - -49. Suppose 27 = 5*v - 2*p, t*v + 2*p = v + 29. Suppose -9*c + v = -10*c. Give l(c).
-3
Let c(l) = 2*l**3 + 8*l**2 - 16*l + 6. Let f(a) = -3*a**3 - 18*a**2 + 31*a - 13. Let p be 2/7 + -11 + 486/63. Let q(o) = p*f(o) - 5*c(o). Determine q(13).
9
Let d(i) = 162*i**2 - 57*i**2 - 52*i**2 + 21 - 52*i**2 - 8*i - 6*i. Determine d(12).
-3
Let z(u) be the third derivative of 5*u**4/12 - 67*u**3/6 - 2*u**2 + 5*u + 275. Give z(7).
3
Let v(q) = 2*q**3 - 8*q**2 + 4*q + 2. Suppose 2*k = 2*r, 0*r + 2*r - 6 = 0. Let g be v(k). Let i(h) = h**3 + 2*h**2 - 4*h + 3. Determine i(g).
-13
Let s(r) = -4*r**2 + 5*r + 7. Let a(f) = -1 - f + 5*f**2 + 2 - 6*f**2 + 0*f**2. Let n(w) = 5*a(w) - s(w). Determine n(-8).
14
Suppose 0 = -10*x + 15*x + 40. Let w(d) = -2*d + 8. Let t(v) = -3*v + 15. Let f(h) = 3*t(h) - 5*w(h). What is f(x)?
-3
Let y be 18/15*(-105)/63. Let k(t) be the first derivative of t**4/4 + t**3/3 - t**2/2 + 2*t + 156. Determine k(y).
0
Let r(u) = u**2 - 4 + 5*u**3 - 116*u - 2*u**3 - 4*u**3 + 117*u. Let d(f) = f**3 + 3*f**2 + 2*f. Suppose 0 = -4*v + 1 - 9. Let p be d(v). Determine r(p).
-4
Let a(x) = x - 44. Let f be 2/((-18)/(-54) + (-88)/(-51) + -2). Calculate a(f).
-10
Let d(r) = 12*r**